+ -64 + -6 + -33.
-38
Calculate 15 + -6 - (-7 + 10) - ((8 - 4) + -6).
8
1774 + -1664 + 0 + -32
78
Calculate (19 + -21 - (-20 + -14)) + 0 + (-2 - -5).
35
Evaluate -389 + 1310 + -921 + 2 + -1 + 29 + 1.
31
Evaluate 134 - (-569 - -538 - (-29 + -1)).
135
Calculate (-8 + -51 - 0) + 74.
15
Evaluate 4 + -41 + 1 - (-26 - -55 - 43).
-22
37 + -88 + 41 + (-4 + 49 - 6)
29
-20 + 2 + -20 + (-17 - -50) - (4 + -41)
32
Calculate 16 - 10 - (7 + 2) - (32 - 66).
31
4 - 12 - (6 + -15 + 0 + -2)
3
Evaluate -28 - ((1 - -16) + (-49 - -46) - 7).
-35
-14 + 0 - (540 + -564)
10
-150 + (28 - 2 - (989 + -1004))
-109
What is (7 - 2 - -3) + 2 + 103 + -69?
44
What is the value of -6 + (5 - (14 - 45))?
30
What is the value of -51 + 66 + (-65 - (5 + -7))?
-48
Evaluate (10 - 16 - -80) + (-9 - -6 - 1) - 3.
67
What is -11 + -9 + -9 + 24 + 55?
50
Calculate -8 - (50 - 4 - (133 - 112)).
-33
Evaluate -13 - (-33 + 6 + 80).
-66
Calculate -42 + 59 - (108 - (-3 + (7 - 9))).
-96
Calculate -22 - (-23 - ((2 - 33) + 62)).
32
(2 - 8) + -12 - -18 - (24 - 0)
-24
11 + (10 + -13 - 28) + 8
-12
14 + 10 + -6 + 293 + -328
-17
50 - (-49 - -70) - (13 - -64)
-48
Calculate 144 + -24 + (79 - 78).
121
(95 + -85 - 7) + 0 + -18
-15
What is the value of (1 - -11) + (-23 + 27 + -18 - (-8 + -50))?
56
Evaluate 15 + (7 - 3) + (37 - 37) - 97.
-78
-52 + -1 - ((-65 - -61) + 8 + -2 + -1)
-54
Calculate -12 + (-5 - (-25 + 2 - 46)) - 13.
39
What is (-76 - (20 + -80)) + (-2 - 6)?
-24
Evaluate 1 + -38 + -32 + 61 + -50.
-58
Calculate -2 + 18 + -7 + -13 + -3 + 105 + 5.
103
Evaluate 2 + -1 + -1 - (134 - 69 - 100).
35
What is the value of 10 + (22 - 21) + -4 + 5?
12
What is the value of 5 + -14 + -10 + (-10 - -22) - 27?
-34
Calculate -65 - (-25 - -88 - 86).
-42
What is (24 - 31) + 113 + (-33 - -13)?
86
Evaluate 46 - (0 + (2 - 4)) - (-9 + 1 - -3).
53
-7 - (272 + -253 + 1 + -12) - -30
15
Evaluate 25 + (-24 - 14) + -10 - -19.
-4
Evaluate -24 + 10 + -63 + 70.
-7
Evaluate (0 - 6) + (23 - 67 - -10) - 11.
-51
Evaluate -15 + 29 - (-4 - 5) - (-3 + 11 - 1).
16
Calculate 5 - -45 - (-12 + 14 - (-2 + 20)).
66
What is the value of 25 + (-52 + 29 - -83 - 41)?
44
What is the value of -32 - -34 - (48 - 17)?
-29
Calculate 260 + -287 + -19 + -4 + 5.
-45
What is (25 - 32) + 62 + -73?
-18
Calculate (-70 - (30 - -40)) + 69.
-71
Evaluate -160 - -72 - -33 - (-13 - (-2 + 1)).
-43
What is the value of (-77 - -2) + 670 + -589?
6
What is (53 - -1 - ((3 - 2) + 1)) + (3933 - 3941)?
44
What is (40 - -1) + (-23 + (6 - 1) - -24)?
47
Evaluate -15 + 53 + (-11 - -5) + -7.
25
-1 + -1 - (-3 + 36)
-35
What is the value of 52 + -2 + 12 + -16 + -11?
35
What is 7 - (8 + 21 - -22) - 11?
-55
Evaluate -1586 - -1557 - (-2 + -5).
-22
Evaluate -18 + (-6 - (29 - 22)) + -21.
-52
51 - (-40 + 47) - 0
44
(-36 - -26 - (-4 + 1 + 1)) + (0 - 52)
-60
What is 12 + (-33 + 12 - -16) + 87 + -21?
73
-2 + 6 - -2 - (-4 - (-15 - -2))
-3
Evaluate 9 + -8 - (9 - (-25 - -34)).
1
(211 - 158 - ((0 - -2) + -18)) + -11
58
Evaluate -203 - (-163 + (110 - 74)).
-76
Evaluate (-16 - 53) + (-191 - -395).
135
0 + -22 + (46 - 4) + 38
58
(-11 - -11) + (0 - 0) - (-118 + 129)
-11
What is the value of -85 + 47 - -35 - (-2 + 2)?
-3
Evaluate 451 + -427 + 2 + 0 + (4 - 2) + -2.
26
Calculate -17 + (14 - (-4 + 43) - -99) + -22.
35
Calculate -10 + 3 + 3 + (-1 - 2 - (-78 - -18)).
53
What is the value of -8 - 1 - (-57 + 39 + 6)?
3
-41 + -7 + 24 - 11 - (-2 - (4 + 2))
-27
What is -18 + (-23 + 43 - 30) + 36?
8
What is (-36 + 20 - 1) + 1 + 1 + 4?
-11
What is 49 + 46 + -32 - 47?
16
Calculate -54 + -7 + 5 + (4 + -31 - -42).
-41
(26 - 13 - 18) + (-6 - 8 - -7) + -5
-17
Evaluate (-10 - -1) + -88 + (11 - -86) + -1.
-1
What is the value of -45 + (60 - 39) + 73 + -2?
47
What is the value of -2219 - -2214 - (1 + (-1 - -8)) - -7?
-6
What is the value of 9 + (10 - (8 + (5 - (13 + -13 + 7))))?
13
Calculate (21 - 10) + (-8 + 15 - 9) - (104 - -11).
-106
(-1 - -13) + (10 + -15 - -31)
38
What is the value of -44 + 3 + -2 + (28 - (-9 - -26))?
-32
What is the value of -31 + 89 - (6 - -26)?
26
What is (21 - (25 + -11)) + (-3 - 1)?
3
What is the value of (192 - -6) + -87 + -59?
52
What is the value of -82 - (0 + 9 + 5 + -11 + -13)?
-72
(-2 - -33) + 261 + -231 - 26
35
(66 - 127 - -98) + -120
-83
What is the value of -126 + 89 - (4 + -32) - (-3 + 56)?
-62
What is 23 + -29 + (68 - 71)?
-9
4 + (-44 + 1 - (537 + -559))
-17
What is 4 + (-44 - (-3 + -13) - -12 - -42)?
30
Calculate 46 - (-53 - -84) - (-4 - 1).
20
What is -31 + (-60 - (-109 - 21))?
39
What is the value of (-7 - (-3 + -3 + 2)) + -7 + (-20 - -69)?
39
Evaluate 115 - 19 - (-55 - -104).
47
What is the value of (-68 - (2 + 22 + (-64 - -59))) + 14?
-73
What is the value of (372 - 397) + 112 + -1 + -15 + 1?
72
Evaluate (19 - (46 + -16)) + 37.
26
What is -1 - 3 - (32 + -24 - (-2 + 7) - 88)?
81
Calculate 2 - 1 - 6 - (69 - 30 - 7).
-37
What is -778 - -632 - (14 + -33)?
-127
Calculate 3 + -25 + (15 - ((-9 - -5) + 7)).
-10
What is the value of (3546 - 3614) + (74 - -1)?
7
10922 + -10932 + (-14 - 0)
-24
What is the value of -12 - ((-5 - 0) + (41 - 21) + -13)?
-14
Evaluate 34 - (-18 + 10 + 51).
-9
Evaluate 6 + (22 - 42) + 2.
-12
What is (3 - 11) + (-13 - -20) + -5?
-6
What is (41 - ((8 - 0) + (3 - 0))) + 12?
42
Evaluate (-42 - (50 - 68)) + -22.
-46
What is 2196 + -2186 - (2 + 70)?
-62
Evaluate (-3 - (14 + -5 + -10)) + -6 + -4.
-12
Calculate -108 - (4 + -22 - 25 - -18).
-83
Evaluate -127 - -92 - (1 + (-13 - -3)).
-26
What is (0 - (3 - (-3 - -5))) + -163 + 219?
55
Evaluate -17 - 2 - (-42 + (46 - -5)).
-28
Calculate (-13 - (-45 - -62)) + (11 - 1) + -50.
-70
Evaluate -14 + 0 + (13 - (2 + -10 - 22)).
29
What is (83 - -17) + -379 + 149?
-130
What is the value of -2 + (14 + -16 + -20 + 7 - -37)?
20
Evaluate 7 + (-3 + 5 - -16) + (-3 - 1).
21
What is 3 + -28 + (-7 + 22 - (23 + 4 + -12))?
-25
What is the value of -6 + 5 - (-40 - -18) - (3 - (13 - 0))?
31
What is -20 - (1 - (26 - 7 - 28 - 14))?
-44
-1 + 38 + (9 - (-10 + (12 - 11 - -5)))
50
Evaluate -8 - -6 - 56 - ((-1 - 3) + (-44 - -58)).
-68
Evaluate -15 + 0 + 34 + 20 + -45 + -9.
-15
-17 + 17 + 0 + 2 - ((-62 - -2) + 6)
56
3024 + -3044 - (-3 - 109)
92
What is -40 + -97 + 54 + 162?
79
What is the value of -21 + (-15 + (-1 + -6 - -32) - 9)?
-20
Evaluate -37 + 3 + (-36 + (32 - 2) - -10).
-30
Evaluate -40 + 18 - (1 + -22).
-1
Calculate (-23 - 60) + 9 + 164.
90
What is -2 + -7 - ((-53 - -60) + -22 + 8)?
-2
Calculate (-2 + 3 - 46 - 3) + -277 + 270 - -8.
-47
What is (-59 - -65) + 10 + 0 + 1 + 50?
67
Calculate 8 - (0 + (-10 - (-14 + 10)) - 2).
16
Evaluate 59 + 22 + -21 + -30.
30
Calculate -16 - -1 - (17 - (-6 + 15)).
-23
Evaluate -81 - (-103 + 4) - 32.
-14
What is (5 - ((13 - 8) + (8 - -2))) + 2 + 12?
4
Calculate (-46 - -48) + (41 - 149).
-106
Evaluate 24 + (0 + 74 - 5 - (-1 + -7)).
101
-5374 - -5518 - (-1 - -204)
-59
(156 - (-4 + 9 + 14)) + 8 + -16
129
What is (326 - 197) + -7 + -191?
-69
13 + -10 - -4 - (6 - (5 - 3) - -31)
-28
Evaluate (0 + -9 - 4 - (3 + -13) - -4) + -28.
-27
What is the value of -5 + 11 - (-35 + (24 - 7) - 1)?
25
Calculate (0 - (-7 + 3)) + (2 - (0 + 20 + -7)).
-7
108 + (31 - 41 - -28) + -50
76
-8 + -2 + 772 + -737
25
Evaluate -3 + 89 + -52 - 80.
-46
(-97 - 62) + 42 + 69
-48
Evaluate (6 - (-5 + (21 - 10))) + (7 - 6) + 57.
58
Evaluate -22 + (-37 - -61) + -27.
-25
What is -1 - ((-6 + -1 - -5) + 9) - (136 - 145)?
1
What is the value of (-52 + 7 - 9) + (1039 - 993)?
-8
What is the value of (-3 + -43 - -68) + (9 - (-3 - (-1 - 2)))?
31
What is -510 + 476 - (-22 + 0 + -26 + 31)?
-17
What is (23 - (-49 - -25 - -35)) + -30 + -26?
-44
Calculate 25 - ((-3 + -12 + 6 - -5 - 7) + 1).
35
(55 - 81) + -5 + 10 + -25
-46
What is the value of 100 + -53 + (-68 - -52)?
31
What is -16 + -3 - (2 + -55 - 16)?
50
Evaluate -1 + 10 + (3 - 6 - 3 - 9).
-6
Calculate 1 + -4 - 3 - (-477 + 457).
14
What is the value of -40 + (-1 - 9) + (-237 + 240 - (-11 - 1))?
-35
What is -423 - -368 - (-57 + -20)?
22
What is 56 + -62 + -9 + 3 + 33?
21
What is the value of 165 + (32 - 91) + -80?
26
What is the value of (19 - 38) + 80 + -3 + 13?
71
4 + -20 + (17 - (-35 - -67))
-31
What is -422 + 414 - (5 - 2 - 27)?
16
2 - 24 - (-1757 - -1789)
-54
(-55 - (-20 - 1) - 22) + 33
-23
What is 23 - ((-28 - 11) + 17) - 35?
10
What is the value of -3 + 93 + (-1106 - -977)?
-39
-88 - (-109 - -29) - (-37 - (2